) = 549*s + 2186. Calculate o(-4).
-10
Let a(k) = k**3 + 2*k**2 - 23*k - 2. What is a(4)?
2
Let b(h) = 191*h - 14. What is b(0)?
-14
Let k(m) = -217*m - 3689. Determine k(-17).
0
Let y(a) = 24*a + 104. What is y(-8)?
-88
Let b(i) = -601*i + 1751. Determine b(3).
-52
Let w(b) = 367*b - 2189. Determine w(6).
13
Let f(c) = -c**2 - 487*c + 38324. What is f(69)?
-40
Let q(l) = -l**2 + 148*l - 2654. Determine q(21).
13
Let m(a) = -a**2 - 29*a + 69. Give m(-39).
-321
Let f(d) = -66*d - 27. Determine f(2).
-159
Let n(i) = 1304*i - 229. Give n(0).
-229
Let q(m) = -m**3 - 14*m**2 - 23*m + 40. Determine q(-11).
-70
Let m(x) = 2*x**3 + 136*x**2 + 132. Give m(-68).
132
Let v(k) = 617*k - 11103. Calculate v(18).
3
Let t(a) = 49*a**2 - 5966*a - 1469. Give t(122).
-5
Let p(b) = -53*b + 1224. What is p(23)?
5
Let o(v) = -18*v**2 - 3. Calculate o(2).
-75
Let n(a) = a**3 - 24*a**2 + 77*a - 267. Give n(21).
27
Let h(m) = -17*m**2 + 2243*m + 16. What is h(132)?
-116
Let d(s) = -5*s**2 + 58*s + 30. Determine d(14).
-138
Let d(r) = -3*r**3 + 6*r**2 + 52*r + 167. What is d(-3)?
146
Let m(n) = 2*n**2 + 26*n - 2. Calculate m(-13).
-2
Let c(b) = -316*b**3 - 2*b**2 + 4. Determine c(0).
4
Let z(j) = j**2 - 99*j + 724. Determine z(8).
-4
Let a(q) = -6*q**2 + 4*q + 25. Determine a(6).
-167
Let h(p) = p**3 - 65*p**2 - 360*p - 16. Give h(-5).
34
Let c(n) = -10*n**3 - 23*n**2 - 23*n. What is c(-1)?
10
Let y(h) = -h**3 - 2*h**2 + 27*h - 33. Calculate y(2).
5
Let t(f) = f**2 + 42*f + 232. Determine t(-35).
-13
Let h(q) = -88*q**3 + 266*q**2 - q - 9. Calculate h(3).
6
Let i(k) = -9*k - 347. Calculate i(-42).
31
Let z(f) = 8*f - 264. Determine z(33).
0
Let a(y) = -7*y**3 + 60*y**2 + 12*y + 68. What is a(9)?
-67
Let f(s) = -s**2 - 24*s + 424. Give f(-36).
-8
Let o(s) = 4*s**3 + 9*s**2 - 5*s + 16. Calculate o(4).
396
Let x(v) = 3*v**2 + 48*v + 170. What is x(-5)?
5
Let k(s) = 2*s**2 + 29*s - 89. Give k(3).
16
Let n(c) = -66*c + 287. Give n(2).
155
Let a(g) = 17*g**3 - 4*g**2 + 5*g - 4. Determine a(2).
126
Let s(k) = -3*k**3 - 9*k**2 - 12*k - 11. Determine s(-5).
199
Let w(m) = -105*m - 467. Determine w(-5).
58
Let f(w) = -w**3 + 109*w**2 - 103*w - 574. What is f(108)?
-34
Let j(g) = -g**2 + 7*g + 348. What is j(-15)?
18
Let j(m) = 31*m**2 + 55*m - 12. What is j(-2)?
2
Let m(v) = 122*v**3 - 2*v**2 - 7*v - 6. Calculate m(-1).
-123
Let t(c) = -3*c**2 - 29*c - 61. Calculate t(-5).
9
Let b(q) = 1281*q + 12799. Calculate b(-10).
-11
Let u(a) = 21*a - 371. Give u(17).
-14
Let p(f) = -2*f - 180. Determine p(-32).
-116
Let p(b) = 103*b**3 + 3*b - 3. Give p(1).
103
Let h(r) = 2*r**2 + 969*r + 2886. Give h(-3).
-3
Let c(p) = -1092*p - 2186. Give c(-2).
-2
Let n(v) = v**3 - 27*v**2 + 204*v - 291. Calculate n(13).
-5
Let c(w) = w**3 - 88*w**2 + 710*w. What is c(9)?
-9
Let w(t) = t**3 - 17*t**2 - 11*t + 102. Calculate w(17).
-85
Let n(y) = 24*y - 125. Calculate n(18).
307
Let w(l) = l**3 - 37*l**2 - 119*l - 24. What is w(40)?
16
Let d(c) = -c**3 - 55*c**2 - 58*c + 87. What is d(-54)?
303
Let j(c) = -558*c + 19600. Calculate j(35).
70
Let q(g) = 6*g**3 + 197*g**2 + 195*g - 1. Determine q(-1).
-5
Let f(u) = u**3 - 3*u**2 - 33*u + 144. Calculate f(4).
28
Let x(s) = 25*s**2 - 421*s - 87. Determine x(17).
-19
Let h(y) = 3*y**2 + 26*y + 42. Determine h(-2).
2
Let c(f) = f**3 - 59*f**2 + 119*f - 283. Calculate c(57).
2
Let v(j) = -398*j**3 - 3*j**2 + 2*j. Give v(-1).
393
Let f(i) = -192*i + 5186. What is f(27)?
2
Let p(i) = -115*i + 1360. Determine p(12).
-20
Let z(q) = q**3 + 29*q**2 + 6*q + 183. Give z(-29).
9
Let q(k) = 3280*k + 3302. Give q(-1).
22
Let v(n) = -n**3 + 3*n**2 + 3*n - 70. What is v(0)?
-70
Let v(z) = 14*z - 233. Calculate v(19).
33
Let v(i) = i**3 - 43*i**2 - 155*i + 2953. Determine v(45).
28
Let b(y) = -84*y + 1714. Calculate b(20).
34
Let c(w) = -w**3 - 30*w**2 - 123*w - 9. Give c(-5).
-19
Let x(y) = y**3 + 4*y**2 - 39*y - 88. What is x(-8)?
-32
Let n(l) = 2*l**3 - 27*l**2 - 4*l - 144. Give n(14).
-4
Let q(h) = h**2 + 9*h - 1099. What is q(-38)?
3
Let v(o) = -o**3 - 165*o**2 - 272*o + 8810. Give v(-163).
8
Let p(z) = 3*z**2 - 3*z + 5. Determine p(7).
131
Let q(c) = 2*c**3 + 2*c**2 + 6*c - 7. Determine q(0).
-7
Let y(d) = -35*d - 665. What is y(-19)?
0
Let f(a) = a**2 - 35*a + 38. Determine f(0).
38
Let v(j) = j**2 - 178*j - 1877. Give v(188).
3
Let v(h) = h**3 - 4*h**2 - 21*h - 9. Determine v(7).
-9
Let f(s) = -s**3 + 41*s**2 - 56*s + 632. Calculate f(40).
-8
Let z(r) = -r**3 - 15*r**2 - 31*r - 18. Determine z(-14).
220
Let i(b) = 10*b**2 + 19*b + 2. Give i(2).
80
Let l(h) = h**3 + 84*h**2 + 165*h + 81. Determine l(-82).
-1
Let m(c) = -225*c + 30. Determine m(5).
-1095
Let z(n) = 993*n + 3981. What is z(-4)?
9
Let i(l) = -1356*l + 2573. Calculate i(2).
-139
Let p(i) = -844*i + 5102. Calculate p(6).
38
Let b(h) = 4*h**2 + 229*h + 175. What is b(-56)?
-105
Let b(t) = -38*t**2 - 119*t + 119. Calculate b(1).
-38
Let d(c) = -195*c + 14143. What is d(72)?
103
Let x(k) = -45*k**2 + 1755*k - 4. Give x(39).
-4
Let j(i) = i**3 + 71*i**2 - 812*i - 165. Calculate j(-81).
-3
Let m(a) = -852*a**2 - 11928*a + 2. Give m(-14).
2
Let n(x) = -2*x - 41. Determine n(-4).
-33
Let x(q) = q**2 - 24*q + 118. Calculate x(17).
-1
Let a(o) = 7*o**2 - 75*o - 1. Calculate a(11).
21
Let c(p) = 6*p + 226. Give c(-30).
46
Let f(b) = -b**2 + 17641*b - 70546. Calculate f(4).
2
Let y(s) = -23*s + 300. Calculate y(13).
1
Let i(t) = -t**3 + 12*t**2 + 10*t - 138. Determine i(12).
-18
Let c(u) = 8*u + 390. Calculate c(-19).
238
Let t(r) = r**3 - 32*r**2 - 5*r + 4. What is t(32)?
-156
Let z(p) = 2*p**3 - 19*p**2 - 34*p + 20. Calculate z(11).
9
Let a(j) = 539*j + 1072. What is a(-2)?
-6
Let o(h) = -8*h**3 - 174*h**2 + 33*h - 197. What is o(-22)?
45
Let d(x) = -7*x**3 + 58*x**2 + 48*x - 37. What is d(9)?
-10
Let k(b) = 2*b**3 - 53*b**2 + 23*b + 73. Give k(26).
-5
Let q(b) = b**3 - 2*b**2 - 58*b - 21. Determine q(8).
-101
Let t(j) = -63*j + 374. Give t(5).
59
Let o(h) = h**3 - 36*h**2 - 93*h + 644. Calculate o(38).
-2
Let f(l) = 41*l - 86. Determine f(4).
78
Let w(u) = -52*u**2 - 6025*u + 833. Give w(-116).
21
Let k(v) = -735*v - 11011. Give k(-15).
14
Let f(p) = 83*p + 3012. What is f(-41)?
-391
Let j(t) = t**3 - 2*t**2 - t + 261. Determine j(0).
261
Let l(r) = -r**3 - r**2 + 2*r - 17. Determine l(0).
-17
Let o(k) = -557*k - 563. Calculate o(-1).
-6
Let y(t) = 48*t + 132. What is y(0)?
132
Let p(w) = -67*w - 9044. Give p(-135).
1
Let h(v) = -14*v - 173. What is h(-18)?
79
Let k(x) = x**3 - 16*x**2 + 4*x - 39. What is k(16)?
25
Let x(q) = -581*q - 25576. Determine x(-44).
-12
Let x(s) = -4*s**3 - 79*s**2 + 5*s - 131. Give x(-20).
169
Let i(w) = -4380*w - 21899. Give i(-5).
1
Let f(b) = -b**3 - 36*b**2 - 270*b - 199. What is f(-26)?
61
Let v(a) = -276*a - 31735. Calculate v(-115).
5
Let y(z) = -13*z - 90. Calculate y(-5).
-25
Let r(b) = 36*b**3 + 1367*b**2 - 34*b + 163. Determine r(-38).
11
Let r(z) = 26*z + 219. What is r(-9)?
-15
Let k(a) = -25*a - 4. What is k(-19)?
471
Let p(z) = -5*z**2 + 3*z + 2. Calculate p(0).
2
Let n(l) = l**3 + 154*l**2 - 152*l + 475. Determine n(-155).
10
Let h(s) = 564*s - 3458. Give h(6).
-74
Let x(g) = -g**3 + 22*g**2 + 31*g - 1095. Give x(21).
-3
Let d(b) = 3*b - 67. What is d(32)?
29
Let m(l) = -2*l**2 + 37*l + 1454. What is m(38)?
-28
Let x(m) = -m**2 - 74*m - 480. Calculate x(-7).
-11
Let b(o) = -17*o + 334. Calculate b(20).
-6
Let f(k) = k**3 - 29*k**2 + 747*k - 20121. Give f(28).
11
Let x(p) = -16*p**3 + 85*p**2 - 27*p + 1. Calculate x(5).
-9
Let x(g) = -2*g**2 - 141*g - 992. Give x(-8).
8
Let r(x) = -16*x**3 - 111*x**2 + 11*x + 21. What is r(-7)?
-7
Let h(z) = z**2 - 7*z - 189. Give h(-9).
-45
Let u(a) = -a**2 - 6685*a + 80382. Give u(12).
18
Let w(p) = 2*p + 163. Determine w(-76).
11
Let n(k) = 2*k**3 - 142*k**2 + 794*k - 21. Give n(6).
63
Let r(n) = 9*n**2 - 513*n + 7198. Give r(32).
-2
Let x(n) = 8*n**2 - 67*n - 2. What is x(8)?
-26
Let p(l) = -16*l - 412. Determine p(-22).
-60
Let v(q) = -48*q + 1529. Give v(32).
-7
Let y(u) = 58263*u - 174794. Determine y(3).
-5
Let z(u) = u**2 - 5521*u + 5521. Determine z(1).
1
Let c(u) = -u**2 - 41*u + 26. Calculate c(-27).
404
Let o(b) = -6*b**2 + 407*b - 4459. Calculate o(54).
23
Let d(c) = -15*c - 565. Give d(-42).
65
Let k(h) = -1161*h**2 + 